(1).
1
Suppose 5*n + 0*n - 20 = 0. Let w(t) = 8*t + 3 - n*t + 4*t**2 - t**2. Let d(v) = -v**2 + 2*v - 2. Let s be d(2). What is w(s)?
7
Let h = 19 + -15. Let w(n) = n - 9. What is w(h)?
-5
Let y = 11 - 7. Let a(c) = -2*c**2 + c - 4. Let l = 0 + -1. Let z(u) = -u**2 + u. Let r(j) = l*a(j) + 3*z(j). Determine r(y).
-4
Let f(t) = -t**2 + 2*t + 2. Suppose -96 = -4*y - 0*y. Suppose -1 = i - b, -b - 8 = 4*i - y. What is f(i)?
-1
Let c(s) be the third derivative of -s**6/60 - s**5/30 + s**3/6 - 21*s**2. Give c(-2).
9
Let s(t) = -4*t - 1. Let b(k) = -4 + 2*k - 8 + 10. Let a be b(2). Calculate s(a).
-9
Suppose 4*o - 6*o - 3*b + 7 = 0, 5*o + b - 24 = 0. Let d(v) = -2 + 4*v + 3 - o. Give d(3).
8
Let c(m) = -6*m + 2. Let s(o) = -2*o + 1. Let l(f) = -6*c(f) + 17*s(f). Let j be 16/12*(-3 + 0). What is l(j)?
-3
Let l(k) be the second derivative of -k**6/180 + k**5/120 - k**4/8 - 7*k**3/6 + 10*k. Let c(j) be the second derivative of l(j). Determine c(3).
-18
Suppose 3*u - 7 = 2*p, -4*p + u = -0 - 1. Let q(j) = 6*j**3 - j**2 + 1. What is q(p)?
6
Let x(t) be the second derivative of -2*t**2 - t + 0 - 1/12*t**4 - 1/3*t**3. Give x(-3).
-7
Suppose -3*w = -2*l + 6, 4*l = -4*w + 3*l - 8. Let u(h) = h**3 - 1 + 0*h**3 - 4*h**2 + 6*h**2 - h. Give u(w).
1
Let c(d) = -d**3 - d**2 + 3*d + 3. Let m = 128 + -131. Calculate c(m).
12
Let t(o) = o**3 + 21*o**2 - 21*o + 21. Let d be t(-22). Let b = -5 + 7. Let l(s) = 3*s**2 + 0*s**2 - 7*s**b - s. Calculate l(d).
-3
Let u(p) = p**3 + 2*p**2 - 4*p + 2. Suppose -4*i - 26 = -10. Determine u(i).
-14
Let q(s) = -2*s + 6. Let i(u) = -u**3 + 6*u**2 - 8*u + 3. Let m be i(5). Let d be m/(-9)*(3 - 0). Give q(d).
-2
Let j(x) = -5*x**3 - 3*x**2 + x + 8. Let p(q) = -q**3 + 1. Let u(s) = j(s) - 6*p(s). Suppose a + 0*b + 6 = -4*b, a - b = 4. Suppose 4 = y + a. What is u(y)?
0
Suppose 3*c + 2 = 4*j, -6*j + 4 = -2*c - 4*j. Let w(d) be the second derivative of d**4/12 + 2*d**3/3 - 4*d**2 - 3*d. Give w(c).
4
Let q(c) be the first derivative of c**4/4 + c**3/3 + c + 33. Calculate q(0).
1
Let b(u) = -u + 3. Let f(o) = -15*o**3 - o**2 - o. Let l be f(-1). Suppose -3*z = -8*z + l. Let q be b(z). Let v(c) = c**3 - c**2 - c - 3. Calculate v(q).
-3
Let a(p) = p**3 + p**2 - 8*p - 2. Let j be a(-3). Let n(i) = -i**2 + 3*i - 6. Calculate n(j).
-10
Let s be (-264)/(-30) + 2/10. Let y(t) = -t + 9. Give y(s).
0
Let j(l) = l**2 + 9*l - 7. Let z(s) = -s**2 - 10*s + 8. Let f = 21 + -14. Let u(b) = f*j(b) + 6*z(b). What is u(-4)?
3
Let v(f) = -3*f - 22. Let c be v(-9). Let q(p) = p**2 - 6*p + 2. Calculate q(c).
-3
Suppose -2*o = -6*o. Let q(g) = g + 2*g + g**3 + 2*g**2 - 4*g - 2 + o. Determine q(-2).
0
Let z = -3 + 6. Let a(q) = q - 4. Let f(u) = -2*u + 3. Suppose 2*p - 3*k - 8 = -3*p, -5*k = 4*p - 36. Let o(m) = p*a(m) + z*f(m). What is o(-5)?
3
Let h(l) = 3*l - 12. Suppose -d + 2*d - f = 5, -5*f - 23 = -4*d. Let z(p) = 10*p - d*p + 4 - 9*p. Let r(v) = -6*h(v) - 17*z(v). Calculate r(2).
2
Let q(y) = -6*y. Suppose 0 = -k - 15 - 1. Let m = 23 + k. Let o = -6 + m. Determine q(o).
-6
Let k(t) be the first derivative of 1/2*t**2 + 9*t + 3. Calculate k(-8).
1
Let t(m) be the second derivative of -7*m**3/6 - 37*m. Give t(2).
-14
Let g(u) = u**2 - 5*u. Let w(x) = 2*x**2 - 4*x. Let l be w(3). Determine g(l).
6
Let r(u) be the second derivative of -u**3/6 - 3*u**2/2 + 26*u. Let w(a) = -a**3 + 4*a**2 - 2*a + 2. Let y be w(4). Calculate r(y).
3
Let u = -3 - 2. Let q be (-1)/(-2) - 26/(-4). Let p(s) = -s - 7 - 3*s**2 + 2*s**2 - q*s. Determine p(u).
8
Let c(u) = u**2 - 6*u - 4. Let j be c(7). Suppose -r - 10 = -5*n, -j*n + 5*r = 22 - 6. Suppose -n*t - 2 = -4*t. Let h(z) = -2*z**2 + 2. Give h(t).
-6
Let j be ((-18)/(-24))/((-2)/(-8)). Let v(u) = -u**3 - 4*u + j*u**3 - 3 + 6*u - 3*u**2. Determine v(2).
5
Let j(c) = 5*c - 3. Let l(g) = 6*g - 3. Let i(m) = 4*j(m) - 3*l(m). Suppose 4*y + 9 = -19. Let r = -5 - y. Determine i(r).
1
Let g(u) = 11*u**3 + u**2 + 9*u - 8. Let f(m) = -7*m**3 - 6*m + 5. Let n(c) = -8*f(c) - 5*g(c). Determine n(4).
-4
Suppose 2*u - 5*d = 0, 4*d = -u + 2*u. Let m(a) = 3*a + 11. Let x(t) be the first derivative of 2*t**2 + 12*t - 3. Let l(g) = 3*m(g) - 2*x(g). What is l(u)?
9
Let n(r) = r**3 - 5*r**2 + 6*r. Let q be 1 - (-4 + (3 - 5)). Suppose 2*j = q + 1. Determine n(j).
8
Let b(p) = -36*p**2 + 15*p - 15. Let r(g) = 17*g**2 - 7*g + 7. Let t(x) = 6*b(x) + 13*r(x). What is t(1)?
5
Let t = 56 - 61. Let q(b) = -b + 4. What is q(t)?
9
Let p(l) = -l**2 - 8*l + 6. Let z = 70 - 79. What is p(z)?
-3
Let v(m) = -3. Let q(d) = -d + 3. Let i(b) = -4*q(b) - 3*v(b). Calculate i(2).
5
Let y(w) = -w + 3. Let z be y(2). Let i(r) = 3*r**3 + r - 1. Let o be i(z). Let t(j) = -2*j - 2 + 1 + 1 + 4. Calculate t(o).
-2
Let d(z) = -z + 9. Let r(v) = -5*v - 6 - 4 + 6*v. Suppose 12 = h - 5*m - 8, 3*m = h - 10. Let n(g) = h*r(g) - 6*d(g). Calculate n(4).
0
Suppose 2*l - 6 = -l, m + 3*l - 11 = 0. Let h(y) = -y**2 + 5*y + 6. What is h(m)?
6
Suppose 26 = -5*v + 4*m, 0*v - 5*m = 4*v + 29. Let j(y) be the first derivative of y**4/4 + 7*y**3/3 + 2*y**2 - 6*y - 2. Calculate j(v).
6
Let g(k) = -9*k**2 - 3*k - 2. Let q(f) = -38*f**2 - 13*f - 9. Let r(w) = 9*g(w) - 2*q(w). Give r(1).
-6
Let t(m) = m**3 - m**2 + m - 1. Let s be t(1). Let n(o) = o**3 - o**2 + o - 10. What is n(s)?
-10
Let l = -5 - -9. Let v(z) = -4*z + z**2 + z - 2 + 1. What is v(l)?
3
Suppose 3 = w + 3*c - 1, -3*c = -5*w - 16. Let a(n) = -n**3 - 7*n**2 - 3*n + 1. Let k(o) = o**3 + 8*o**2 + 3*o - 2. Let y(g) = 3*a(g) + 2*k(g). What is y(w)?
-7
Let i(x) = -2*x**3 + x**2 - x + 1. Suppose 17 = -7*g + 24. Calculate i(g).
-1
Suppose 2*n - 4 = -3*i + 9, 2*n - 2*i + 2 = 0. Let l(o) = 3 - 7 - 2*o**2 + o + 3*o**n. What is l(3)?
8
Let p be (1 - -4) + (-22)/11. Let u = 2 - 1. Let j(x) = x + x**2 + x**2 - 5*x + u. Determine j(p).
7
Let w(j) be the first derivative of -j**4/4 - j**3/3 + 3*j**2/2 - 4*j + 12. Let c = -9 - -6. Give w(c).
5
Let s = 1 - 0. Let m(g) be the second derivative of -7*g**3/6 + g**2/2 - 7*g. What is m(s)?
-6
Let y(s) be the first derivative of s**4/4 + 5*s**3/3 - 2*s**2 - 5*s + 2. What is y(-5)?
15
Suppose -2*o + o + 2 = 0. Let r be -7 - -9 - (o - -1). Let h(u) = 9*u**2 + 0 + 1 - u**2. Give h(r).
9
Let m(f) = 3*f**3 - f**2. Suppose 0*a = 5*a - 5. Calculate m(a).
2
Suppose 0 = 3*y + 2*m + m - 18, -m = 2*y - 8. Let i(f) = 3*f**2 + 4*f**y - 4*f**2. Calculate i(1).
3
Let c(z) = 6*z**3 + 4*z**2 + 5*z - 3. Let d(n) = 6*n**3 + 3*n**2 + 4*n - 2. Let a(f) = 3*c(f) - 4*d(f). Determine a(-1).
6
Let i(h) be the second derivative of 3/2*h**2 + 0*h**3 + 1/20*h**5 - 4*h + 0 - 1/4*h**4. Let j be (-9)/3*(-3 + 2). What is i(j)?
3
Let v(p) = -p**2 - p - 2. Let g be ((-3)/(-6))/(2/8). Determine v(g).
-8
Let w(a) = a - 7. Let l be w(8). Suppose 0 = 4*s + 3*z + 27, s + 2*s - 2*z = l. Let m(t) = t**3 + 5*t**2 + 3*t - 2. What is m(s)?
7
Let w(r) = -r**3 - r**2 - r + 1. Let x(q) = 3*q**3 - 5*q**2 + 7*q + 4. Let s(h) = -2*w(h) - x(h). Calculate s(5).
19
Let r be ((-8)/64)/(1/(-8)). Suppose 0 = i - 3*g, -i = -5*g - 5 + r. Let w(n) = -n - 14. Give w(i).
-8
Let q(j) = -4 + j + 3 - 7*j + 3*j. Give q(-2).
5
Let p(h) = h**3 + h**2 + 2*h - 9. Let q be p(2). Let j(f) = -f**3 + 6*f**2 + 5*f - 6. Calculate j(q).
-20
Let q(p) = -p - 18. Let a(t) = -3*t - 53. Let d(y) = 3*a(y) - 8*q(y). Calculate d(0).
-15
Let r(m) be the first derivative of m**4/4 + m**2/2 - 2*m - 144. Suppose 2*y = -3*y. Determine r(y).
-2
Let q(a) = a. Let h be 6/33 - 48/22. Let m(s) = 2*s**2 + 2*s + 3. Let f be m(h). Let y = -9 + f. Calculate q(y).
-2
Let s(f) = -1 + 9 + 2 - 3 - f. Give s(-7).
14
Let k(f) = f**2 + 5*f - 10. Let s(m) = -m**2 + 2*m + 1. Let x be s(4). What is k(x)?
4
Let o(y) = 0 - y + y**3 - 8 + 6. Give o(-2).
-8
Let g = 3 - 1. Let o(z) = 2 - z**g + 0*z - 3*z + 2*z. Calculate o(2).
-4
Let q = 102 - 96. Let x(r) = 2*r**2 + 5*r - r + 3 - 3*r**2. Calculate x(q).
-9
Let i be 0 - (-1 + -1 + -1). Let x(p) = -p**3 + 3*p**2 + 2*p - 2. Give x(i).
4
Let l(o) = o + 5 + 4 - 1 - 3. Let n be (-5)/((-3)/(-9)*-1). Suppose n = -3*s - 3. What is l(s)?
-1
Let q(k) be the first derivative of -k**4/4 + 2*k**3/3 + 3*k**2 - 5*k - 1. Determine q(4).
-13
Let k(z) = 4*z. Let n(c) = -c**3 + 2*c**2 + 4*c - 2. Let i be n(3). Let p be k(i). Let q(m) = 5*m - p*m - m**3 + 0 + 3. What is q(0)?
3
Let 